09 = -2*l + 2*o, 4*o + z = l. What is the tens digit of l?
5
Suppose 0 = v - q + 7, -5*q = -v - q - 13. What is the units digit of (8 - -3)*v/(-1)?
5
What is the hundreds digit of 5182/8 + 5/((-100)/15)?
6
Let l = -28 - -30. What is the tens digit of 2*((-295)/(-10) - l)?
5
Let k be (5 - 1)*(-40)/(-32). Suppose k*f + w = 176, 54 = 4*f + 3*w - 78. Suppose 3*o - 7*o = -f. What is the units digit of o?
9
Let v = 39 - 23. Let p(h) = h - 14. Let l be p(v). Suppose 100 = 4*c - l*g, -63 = -c + 4*g - 24. What is the units digit of c?
3
Suppose -h = -9 - 58. Suppose -h = f - 205. What is the tens digit of f?
3
Let a(f) = -4*f**3 + 2*f + 1. Let k be a(-1). Suppose k*b - 75 - 72 = -4*c, 4*c = 3*b + 165. What is the units digit of c?
9
Let j = 2654 + 137. What is the units digit of j?
1
Let g(f) = -f**2 + 6*f - 11. Let s be g(0). Let p = s + 268. What is the tens digit of p?
5
Let r = 3440 - 1480. Suppose -r = -8*z - 360. What is the tens digit of z?
0
Suppose 4*g = 2*n - 408, -n - 4*g = -0*n - 216. What is the units digit of n?
8
Let b be (-6)/(-9) + (-65)/(-15). Suppose b*p + 335 = 1125. What is the hundreds digit of p?
1
Suppose 10 - 2 = 2*h. Suppose 3*d - 70 = -4*r, 91 = h*d - 0*d + 3*r. What is the tens digit of d?
2
Suppose 4*j - 8330 = -5*m, -17*m + 22*m + 2*j = 8330. What is the units digit of m?
6
Suppose 2980 = 22*l - 2256. What is the units digit of l?
8
Let n(o) = 15 - 3 + 5*o + 7*o - 11*o. Let p be n(-13). What is the tens digit of (3/4)/(p/(-68))?
5
Suppose 61 = 3*q - 71. Suppose -2*l + q = n, 0 = -3*l - l. Suppose -v - 3*v = -n. What is the units digit of v?
1
Let n be (-159)/(-21) - 9/(-21). Let k(o) = o + 4. Let b be k(n). Suppose -3*q + b = -114. What is the units digit of q?
2
Let n be 17 + (0 - 3)*1. Let k(b) = -18 + 3*b**3 - b**3 + 10*b**2 - 3*b**3 - 12*b + 5*b**2. What is the tens digit of k(n)?
1
What is the units digit of (6/18*-3)/(4/(-2836))?
9
Let q = 135 + 2571. What is the hundreds digit of q?
7
Let u(b) = b**3 + 8*b**2 + 6*b - 7. Let p be u(-8). Let w = p - -27. Let q = w - -41. What is the tens digit of q?
1
Suppose 2*h - 8546 = 3*m, 16*h - 10*h - m = 25622. What is the units digit of h?
0
Let i be ((-3 - -3)*-1)/2. Suppose 4*q - 61 - 859 = i. Suppose 0*s - 2*d + q = 5*s, d - 230 = -5*s. What is the units digit of s?
6
Let m be 0 + 0*1/5. Suppose 2*a + 3*a = 20. Suppose -a*d + d + 12 = m. What is the units digit of d?
4
Let u(p) = 17*p - 34. Let k(l) = 17*l - 34. Let y(z) = 4*k(z) - 3*u(z). What is the units digit of y(5)?
1
Suppose -5*y + 448 = 2*l, l - 40 = -2*y + 140. What is the tens digit of y?
8
Suppose -3*c + x - 311 = -6*c, -2*x + 520 = 5*c. Suppose 8*g - 9*g = -c. What is the tens digit of g?
0
Let a(s) = 13*s**2 + 3*s - 2. Let l be a(2). Let w be l + 1 + (-6 - -2). Let o = w - 21. What is the tens digit of o?
3
Suppose 3*y - 4 = -10, 0 = -4*f - 3*y + 378. Let c = f + -157. Let u = 98 + c. What is the tens digit of u?
3
Suppose 0 = -2*r - 4*v - 0 - 6, r = -v - 4. Let m(p) = 2*p**2 + 7*p. Let w be m(r). Suppose -29 = -2*f - w. What is the units digit of f?
7
Let z(v) = -v**3 - 3*v**2 + 3*v - 1. Let g be z(-4). Suppose -l + 4 = -g*l. What is the units digit of (12 + 1 + l)*1?
1
Suppose 33*w - 2643 = 30*w. What is the tens digit of w?
8
Let q(h) = 4*h - 15. Let x be q(10). Let c = 17 - -24. Let i = c - x. What is the tens digit of i?
1
Let v = -3 - -10. Suppose 5*t - 13 = v. Suppose -u - t*w = 4*u - 126, -u + w + 18 = 0. What is the units digit of u?
2
Let l be 4/(-30) + 37814/105. Let d = -256 + l. What is the hundreds digit of d?
1
Let q be ((-2)/(-4))/(2/88). Suppose g - 45 = -5*s, -g = g - s - 79. Let i = g - q. What is the units digit of i?
8
Let l = -48 - -28. What is the units digit of 3/2*l/(-15)?
2
Suppose 0 = -5*m + 13*o - 8*o + 22645, -4*o + 4 = 0. What is the thousands digit of m?
4
Let u = 188 + -141. What is the tens digit of u?
4
Suppose -262 = -5*a + 2*c, -2*a = -3*a - 2*c + 50. What is the units digit of (-53)/(-2) + (-26)/a?
6
Let x be (-6)/((-114)/36 + 3). Suppose 30*h = x*h - 1476. What is the units digit of h?
6
Suppose 0 = 6*s - 4*s + 148. Let y = s - -117. What is the tens digit of y?
4
Let g be 30/((-21)/(-6) + -3). Let o = g - 0. What is the tens digit of o?
6
Suppose 14*u - 48 = 2*u. Let q = 32 + -23. Suppose -72 = -2*l + 2*k, -u*l + q*l + 5*k = 190. What is the tens digit of l?
3
Let p be (1 + 2 + -2)/(-2 - -1). What is the units digit of 1*(50 - 3/p)?
3
Let z(f) = f**3 - f + 19. Let k = 7 - 4. Suppose -k*p = -0*p. What is the tens digit of z(p)?
1
Suppose -2*a = -2*f - 852, -2*f + 15 = -5*f. What is the tens digit of a?
2
Let o(q) = -q**2 - 2*q + 6. Let t be o(-3). Suppose 0 = -t*k + 38 + 37. What is the tens digit of k?
2
Suppose f - 1534 = -q, -4*q + 4608 = -q - 3*f. What is the thousands digit of q?
1
Suppose -9*f = 5 - 50. What is the units digit of 795/f*(-2)/(-6)?
3
Suppose 6*c + 8 - 26 = 0. Suppose -230 = -5*r + 5*s, 2*r - 72 = -6*s + c*s. What is the tens digit of r?
4
Suppose -z + 369 = 2*z. Suppose 3*f = z + 15. What is the tens digit of f?
4
Let w(b) = -b**3 - b**2 - 2*b + 4. Suppose -k = 2*f - 8, 0 = -3*k - k - 2*f + 14. Let h = k - 5. What is the units digit of w(h)?
8
Suppose 10*x = 11*x. Suppose x = 9*g - 145 - 98. What is the units digit of g?
7
Suppose 0 = 3*q + 4*u - 845, 5*q - 1417 = 4*u - 2*u. What is the units digit of q?
3
Let j(s) = -s**2 + 2*s - 40. Let h be j(-13). Let a = 351 + h. What is the hundreds digit of a?
1
Let t = -6390 + 10920. What is the thousands digit of t?
4
Suppose -31*b + 919 = -23261. What is the hundreds digit of b?
7
Let m(p) = p**2 - 3*p - 6. Let j be m(5). Suppose 62 = r + j. What is the tens digit of r?
5
Let x = 81 + 242. What is the tens digit of x?
2
Suppose -p = -4*j + 3*p + 1672, 2*j + p = 842. What is the tens digit of j?
2
Let u(w) = -3*w - 3. Let y be u(-2). Suppose -2*h + 0*q - 24 = -2*q, q = y*h + 26. Let s = h - -20. What is the units digit of s?
3
Let b(t) = 23*t - 4. What is the units digit of b(15)?
1
Suppose -8 = -7*h + 15*h. What is the tens digit of -2 + (-23 - h)*-6?
3
What is the thousands digit of 1476/1 - (-47 + 49)?
1
Suppose 6*w = -15 - 9. Let l(v) = -v**3 - 2*v**2 - v + 5. What is the tens digit of l(w)?
4
Let p = 4176 - 1685. What is the units digit of p?
1
Let q(t) = -14*t**3 - t. Let v be q(-1). Let m = v + -11. Suppose 0 = 3*f - m*l - 23, -3*f - 2*l + 73 = 2*f. What is the units digit of f?
3
Suppose 3 = 4*v - 5. Suppose -4*t + f = 48, -3*t + v*f - 30 = -t. What is the tens digit of (-4 - (-4 + 1))*t?
1
Let d be (1/(-3))/(5/(-60)). Suppose -1 = d*o + 7. What is the units digit of (2 + (-124)/8)*o?
7
Suppose u - 421 = -2*k + k, 0 = u + 3. What is the tens digit of k?
2
Suppose -352 = -5*h + h. Suppose h + 318 = -7*v. Let w = 124 + v. What is the units digit of w?
6
Suppose b + b + 22 = 0. Let u = b + 11. Suppose u = -w + 4*w + 3*n - 24, -n = 4*w - 44. What is the units digit of w?
2
Suppose 8*r = 3*r. Suppose r*a + 239 = 3*a - 5*u, -10 = -5*u. What is the tens digit of a?
8
Let v be 6 + 9/(-5 - -2). Let d be (1 - v) + -2 + 6. Suppose -d*w + 44 = -0*w. What is the units digit of w?
2
Let n be (2 - 0)/(8/20). Suppose 4*r + 28 = -6*x + 4*x, -5*x + n*r - 55 = 0. What is the tens digit of 4*1*(-39)/x?
1
Let b be (2/3)/((-2)/(-9)). Suppose 2*a + 10 = b*a. Suppose 4*v - 5*r - 36 = -a*r, r - 9 = -v. What is the units digit of v?
9
Suppose -7*y - 20 = -12*y. Let a = 7 - -1. Suppose -5*g = -y*z - a*g + 119, -25 = -z + 4*g. What is the units digit of z?
9
Suppose 12*l + 5*l - 11271 = 0. What is the units digit of l?
3
Suppose -3*a = -x - 6615, 11033 = 5*a - 31*x + 32*x. What is the units digit of a?
6
Let y(i) = i**2 + 11*i. Let v be y(-11). Suppose v = 14*d - 12*d - 76. What is the units digit of d?
8
Let t = 23 - 34. Let q = t - -13. Suppose -5*b + 4*m = -61 - 223, -3*b + 166 = q*m. What is the tens digit of b?
5
Suppose -2*q + 30 = -100. What is the units digit of q?
5
Let q(n) = 1077*n**2 + n + 1. What is the units digit of q(1)?
9
Let n(b) = 696*b - 124. What is the tens digit of n(2)?
6
Suppose -7*y + 23 = -12. Suppose 48 = 7*g - y*g. What is the units digit of g?
4
Suppose -246 = -4*s + 1634. What is the units digit of s?
0
Let v be 3*-1 - (13 - 17). What is the units digit of 0 + (72 - (v + -3))?
4
Suppose -3*y + 2